(v) = v**2 - 294*v + 20442. Calculate t(181).
-11
Let t(c) = -209*c**3 - 1051*c**2 + 2*c - 7. Determine t(-5).
-167
Let f(c) = c**2 + 84*c - 2087. Calculate f(-104).
-7
Let x(m) = m**3 + 18*m**2 + 177*m + 3132. Give x(-18).
-54
Let k(j) = 1221*j + 2169. Give k(0).
2169
Let y(u) = -u**3 + 647*u**2 + 9006*u - 3478. What is y(-14)?
-6
Let j(l) = -l**3 - 137*l**2 + 6*l + 2168. Calculate j(-137).
1346
Let i(y) = -507*y + 43910. Determine i(88).
-706
Let b(l) = 4*l**3 - 196*l**2 + 235*l - 1968. Determine b(48).
96
Let i(z) = -84*z**2 - 1305*z - 5204. Give i(-4).
-1328
Let z(d) = d**3 + 64*d**2 + 658*d + 1005. What is z(-8)?
-675
Let h(m) = 3*m**3 - 1241*m**2 - 2916*m + 1661. Give h(416).
-3
Let z(o) = 19880*o - 79538. Give z(4).
-18
Let g(t) = 2013*t**2 - 140912*t - 142. Determine g(70).
-282
Let q(d) = -d**3 + 29*d**2 + 87*d - 40. Calculate q(30).
1670
Let r(c) = -10936*c + 32796. Calculate r(3).
-12
Let c(l) = 19*l**2 + 602*l + 106. What is c(-31)?
-297
Let m(c) = -167*c + 33804. Determine m(203).
-97
Let p(j) = 21*j**2 - 724*j + 1031. Calculate p(33).
8
Let u(v) = -90*v**3 + v**2 + 58*v + 116. What is u(-2)?
724
Let v(z) = 21*z**2 - 5322*z - 31853. Determine v(-6).
835
Let z(c) = 3*c**3 - 1309*c**2 - 62879*c - 472. What is z(480)?
8
Let t(s) = s**3 + 81*s**2 - 3057*s + 10. Determine t(28).
-130
Let x(k) = -k**3 - 242*k**2 - 447*k + 7905. Calculate x(-240).
-15
Let x(u) = 4*u**2 + 2651*u - 7976. Determine x(3).
13
Let g(j) = -21*j**3 + 36*j**2 + 321*j - 2144. Calculate g(7).
-5336
Let f(n) = 4*n**3 + 268*n**2 - 559*n - 494. What is f(-69)?
-11
Let o(z) = 3*z**3 + 89*z**2 - 1489*z - 136. Calculate o(12).
-4
Let c(y) = y**3 - 94*y**2 - 325*y + 6348. Give c(96).
-6420
Let u(x) = 145*x**3 - x**2 - 13608*x + 13608. What is u(1)?
144
Let w(q) = -2*q**2 + 114*q - 437. Calculate w(47).
503
Let u(q) = -2*q**3 - 190*q**2 - 168*q + 18966. Determine u(-93).
-6
Let z(m) = 2526*m - 22866. What is z(9)?
-132
Let r(s) = 467*s + 53320. Give r(-114).
82
Let h(v) = 110655*v - 553952. Calculate h(5).
-677
Let h(g) = -6525*g + 284. Calculate h(0).
284
Let y(q) = -16116*q + 112783. Give y(7).
-29
Let b(s) = -s**2 + 1124*s + 17394. Determine b(-16).
-846
Let c(p) = -4*p**2 - 1249*p - 4407. What is c(-304)?
5625
Let j(t) = 36*t**2 + 29010*t + 196523. What is j(-799)?
-31
Let c(x) = -x**3 - 7*x**2 + 242*x - 1173. Determine c(5).
-263
Let n(d) = 265641*d + 1593849. Calculate n(-6).
3
Let a(l) = 548*l - 13159. Give a(24).
-7
Let n(f) = -13*f**3 - 2914*f**2 - 441*f + 198. What is n(-224)?
-1370
Let c(p) = -p**3 + 848*p**2 + 12831*p + 98369. What is c(863)?
-13
Let v(k) = -k**2 + 75218*k + 2935009. Determine v(-39).
-14
Let f(p) = 40*p**3 - 131*p**2 + 37*p + 48. Calculate f(4).
660
Let x(z) = -3*z**2 - 1410*z + 194. Calculate x(0).
194
Let h(p) = 2*p**2 - 2867*p - 194799. Calculate h(-65).
6
Let m(a) = a**3 + 200*a**2 - 927*a - 64556. Determine m(-203).
-2
Let j(u) = -969061*u - 14. Give j(0).
-14
Let f(d) = -d**3 + 136*d**2 - 4646*d + 1716. Calculate f(66).
0
Let t(l) = 2*l**3 - 11*l**2 + 1234*l - 7407. Give t(6).
33
Let o(b) = -3*b**3 + 37*b**2 + 60*b + 206. What is o(14)?
66
Let h(u) = 716458*u - 32240612. Calculate h(45).
-2
Let g(k) = 4114*k - 259091. Determine g(63).
91
Let q(u) = -2*u**3 + 364*u**2 - 1419*u - 851. Calculate q(178).
39
Let m(z) = 12*z**3 - 43*z**2 + 19*z - 78. Give m(3).
-84
Let o(n) = -662*n + 30735. Give o(47).
-379
Let t(i) = -5*i**3 + 6422*i**2 + 3885*i - 38546. Determine t(1285).
4
Let w(y) = -2*y**3 + 200*y**2 - 116*y - 8089. Give w(99).
29
Let z(v) = -6811*v + 67020. Determine z(10).
-1090
Let o(p) = -13*p**3 - 6*p**2 + 712*p - 1432. What is o(2)?
-136
Let v(y) = -247*y - 1833. What is v(-4)?
-845
Let z(p) = -4*p**3 - 196*p**2 - 1354*p - 365. Determine z(-8).
-29
Let y(d) = 3*d**3 + d**2 + 201*d + 1084. Give y(-5).
-271
Let t(m) = m**3 - 50*m**2 + 230*m - 2137. Calculate t(46).
-21
Let h(n) = 2*n**3 - 981*n**2 + 513*n - 11246. Give h(490).
24
Let i(j) = -10*j**2 + 790*j - 115. What is i(80)?
-915
Let t(n) = -3*n**3 + 128*n**2 - 176*n - 1200. Calculate t(41).
-11
Let b(k) = -10*k**2 + 5456*k - 10900. Give b(2).
-28
Let b(n) = n**3 + 47*n**2 - 83*n - 1706. What is b(-48)?
-26
Let n(i) = i**2 - 7549*i - 1653396. Calculate n(-213).
-90
Let a(h) = 970*h - 5726. Calculate a(6).
94
Let o(v) = 30*v**2 + 3313*v + 1375. Give o(-110).
-55
Let g(q) = 234*q**2 - 2973*q - 885. Calculate g(13).
12
Let g(l) = -l**3 - 8*l**2 - 382*l - 3117. Determine g(-8).
-61
Let g(u) = 4*u**2 + 2500*u + 281064. Calculate g(-147).
0
Let d(x) = 4*x**2 + 918*x - 92873. Calculate d(76).
-1
Let q(o) = o**3 - 16*o**2 - 41*o + 37. Determine q(17).
-371
Let g(y) = -21*y**2 - 456*y + 632. Determine g(-23).
11
Let a(c) = 15596*c - 1013750. Give a(65).
-10
Let d(q) = 2*q**3 + 33*q**2 + 81*q + 2057. Determine d(-19).
-1287
Let a(m) = m**3 - 47*m**2 - 37*m - 768. What is a(48)?
-240
Let p(m) = 16*m**2 - 128*m - 8984. What is p(-20)?
-24
Let s(p) = 3*p**3 + 75*p**2 - 543*p - 55. Determine s(6).
35
Let g(w) = -35*w**2 + 13352*w - 6469. Determine g(381).
8
Let p(b) = -8*b**2 + 1026*b + 5023. Give p(133).
-31
Let b(y) = 6*y**2 + 306*y + 2451. Give b(-41).
-9
Let s(a) = -5072*a + 243459. Give s(48).
3
Let i(o) = -o + 10. Give i(-15).
25
Let x(d) = 697438*d - 2. What is x(0)?
-2
Let o(c) = 445155*c - 7567609. Calculate o(17).
26
Let u(r) = -4*r**2 + 568*r + 3997. Calculate u(-7).
-175
Let g(u) = -414*u + 1882. Give g(6).
-602
Let q(u) = u**3 + 40*u**2 - 876*u - 29100. What is q(-23)?
41
Let j(b) = 1676*b + 41900. Calculate j(-25).
0
Let f(a) = -3164*a - 129292. Determine f(-42).
3596
Let s(j) = -221*j**2 + 12588*j + 513. Determine s(57).
0
Let b(j) = 8*j**3 - 113*j**2 + 52*j - 529. Determine b(14).
3
Let t(o) = -72*o**2 - 2649*o + 19230. Calculate t(-43).
9
Let f(c) = c**2 - 2231*c - 13338. Determine f(-6).
84
Let l(j) = -10237*j - 1238673. Give l(-121).
4
Let g(a) = 15965*a - 271439. Determine g(17).
-34
Let a(x) = 22*x**2 + 5601*x - 8074. What is a(-256)?
-138
Let d(o) = -35*o**2 - 1312*o - 1321. Calculate d(-1).
-44
Let a(h) = 7*h**2 + 2244*h + 81158. What is a(-279)?
-31
Let t(g) = -g**3 - 1037*g**2 + 62346*g - 13224. What is t(-1094)?
-96
Let z(o) = -5*o**2 - 253*o - 2076. Determine z(-9).
-204
Let j(z) = z**3 + 62*z**2 - 854*z - 67120. Give j(-38).
-12
Let p(n) = 2*n**3 + 17*n**2 + 66*n + 194. Give p(-9).
-481
Let a(k) = 2733*k + 2751. What is a(-1)?
18
Let z(c) = -c**3 - 21*c**2 + 841*c + 7565. Calculate z(-8).
5
Let l(g) = -41355*g + 330822. Calculate l(8).
-18
Let l(a) = -a**3 + 31*a**2 - 21*a + 66. Give l(30).
336
Let s(x) = -799064*x + 2397194. Calculate s(3).
2
Let w(g) = 81*g**2 - 445*g + 1341. What is w(3)?
735
Let b(a) = 2*a**3 + 33*a**2 - 771*a - 614. Calculate b(-29).
720
Let j(f) = 10*f**2 - 1747*f - 43998. Determine j(197).
-67
Let x(t) = 104*t**2 + 927*t - 184. Determine x(-8).
-944
Let r(s) = s**3 + 58*s**2 - 624*s + 2148. Determine r(-67).
3555
Let l(h) = -172397*h - 517196. Calculate l(-3).
-5
Let q(j) = 5*j**3 + 107*j**2 + 859*j + 62. Determine q(-14).
-4712
Let h(x) = 69*x**2 - 60*x - 595. Give h(-10).
6905
Let n(h) = -2*h**2 + 639*h - 48700. Calculate n(125).
-75
Let a(c) = c**2 + 517*c - 58854. Calculate a(96).
-6
Let v(t) = -t**3 + 2*t**2 + 1176*t - 9009. Calculate v(8).
15
Let o(c) = -278*c**2 - 39*c + 32. What is o(2)?
-1158
Let p(c) = -1581*c - 175464. Give p(-111).
27
Let z(k) = k**2 - 3610*k + 3124061. What is z(1439)?
-8
Let c(m) = 990*m**3 + 16*m**2 - 25*m - 25. Give c(-1).
-974
Let k(w) = -w**2 + w + 6697. What is k(85)?
-443
Let u(h) = -2*h**3 - 18*h**2 + 793*h + 6466. What is u(-8)?
-6
Let s(z) = -z**3 + 13*z**2 + 53*z - 259. Calculate s(6).
311
Let a(b) = 2*b**3 + 1882*b**2 - 5613*b + 48156. What is a(-944)?
12
Let s(h) = 1747*h - 7029. What is s(4)?
-41
Let d(p) = -p**2 + 241*p - 14313. What is d(93)?
-549
Let d(k) = -4*k**2 - 489*k - 1548. Give d(-119).
-1
Let g(c) = 4*c**3 - 4710*c**2 + 39739*c + 8185. Calculate g(1169).
2
Let t(b) = 11*b**2 - 3194*b + 16604. Calculate t(285).
-211
Let c(f) = f**3 + 305*f**2 + 2071*f - 104. What is c(-7)?
1
Let j(w) = -411*w - 146318. Give j(-356).
-2
Let i(w) = -w**2 - 945*w + 62405. Determine i(-1007).
-29
Let o(f) = -50268*f - 754023. What is o(-15)?
-3
Let j(i) = -2029*i - 446377. Give j(-220).
3
Let x(k) = -224